t common factor of 272 and 17.
17
What is the highest common divisor of 9 and 279?
9
What is the greatest common factor of 27 and 1215?
27
What is the highest common factor of 50 and 1450?
50
Calculate the greatest common factor of 14 and 22.
2
What is the greatest common factor of 105 and 50?
5
What is the greatest common factor of 13909 and 7?
7
What is the greatest common divisor of 13363 and 644?
161
Calculate the highest common divisor of 533 and 13.
13
What is the greatest common divisor of 185 and 5?
5
What is the greatest common divisor of 429 and 8866?
143
Calculate the highest common divisor of 18 and 2694.
6
Calculate the greatest common divisor of 485 and 35.
5
What is the greatest common factor of 2457 and 35?
7
Calculate the greatest common divisor of 50 and 550.
50
What is the greatest common factor of 84 and 189?
21
Calculate the greatest common factor of 352 and 1628.
44
What is the highest common factor of 670 and 2345?
335
What is the greatest common divisor of 4671 and 54?
27
What is the highest common factor of 545 and 763?
109
Calculate the greatest common divisor of 220 and 20.
20
What is the greatest common factor of 264 and 24?
24
What is the highest common divisor of 23 and 575?
23
Calculate the greatest common divisor of 18 and 48294.
18
What is the highest common divisor of 40 and 5224?
8
What is the greatest common factor of 41 and 738?
41
Calculate the greatest common divisor of 1225 and 49.
49
Calculate the highest common factor of 1749 and 33.
33
Calculate the highest common divisor of 2394 and 1862.
266
Calculate the greatest common factor of 30 and 246.
6
What is the highest common divisor of 2 and 19?
1
What is the highest common factor of 24 and 32?
8
Calculate the highest common divisor of 2 and 3.
1
Calculate the highest common factor of 56 and 368.
8
What is the highest common divisor of 4625 and 37?
37
Calculate the highest common divisor of 81 and 18.
9
Calculate the highest common divisor of 15008 and 112.
112
What is the highest common divisor of 22 and 21527?
11
Calculate the highest common factor of 51508 and 316.
316
Calculate the highest common factor of 6 and 528.
6
Calculate the greatest common divisor of 174 and 42.
6
What is the greatest common factor of 92 and 207?
23
What is the greatest common divisor of 1540 and 572?
44
What is the greatest common factor of 4 and 20?
4
Calculate the greatest common divisor of 780 and 9555.
195
Calculate the greatest common divisor of 2432 and 114.
38
Calculate the greatest common factor of 18 and 31446.
18
What is the highest common factor of 1180 and 850?
10
Calculate the greatest common divisor of 30 and 210.
30
Calculate the highest common factor of 2668 and 464.
116
Calculate the highest common factor of 266 and 4123.
133
Calculate the greatest common divisor of 6525 and 9.
9
What is the highest common factor of 18 and 228?
6
Calculate the greatest common divisor of 61 and 2562.
61
Calculate the greatest common factor of 7 and 133.
7
Calculate the greatest common factor of 1152 and 9.
9
What is the greatest common factor of 24 and 546?
6
Calculate the highest common divisor of 18 and 378.
18
What is the greatest common factor of 9 and 51?
3
What is the greatest common factor of 1275 and 600?
75
Calculate the highest common divisor of 2432 and 1444.
76
What is the greatest common factor of 316 and 158?
158
Calculate the highest common divisor of 8 and 34984.
8
Calculate the greatest common divisor of 1010 and 10.
10
What is the highest common divisor of 48 and 2544?
48
What is the highest common factor of 282 and 12?
6
What is the greatest common divisor of 289 and 153?
17
What is the greatest common factor of 1287 and 9?
9
Calculate the greatest common factor of 114 and 9.
3
What is the highest common factor of 27 and 36?
9
What is the greatest common divisor of 497 and 4189?
71
What is the highest common factor of 15929 and 17?
17
What is the greatest common divisor of 64 and 104?
8
What is the highest common factor of 3 and 192?
3
Calculate the highest common factor of 1360 and 7004.
68
What is the greatest common divisor of 448 and 64?
64
What is the highest common factor of 8 and 774?
2
What is the highest common divisor of 12 and 68?
4
What is the highest common divisor of 725 and 175?
25
What is the greatest common divisor of 60 and 96?
12
What is the highest common divisor of 6 and 54?
6
What is the greatest common factor of 928 and 29?
29
Calculate the highest common factor of 202 and 16.
2
What is the greatest common divisor of 22 and 5489?
11
What is the highest common factor of 3110 and 10?
10
What is the highest common factor of 304 and 64?
16
What is the greatest common factor of 275 and 187?
11
What is the highest common factor of 387 and 23091?
129
What is the highest common factor of 13160 and 105?
35
Calculate the greatest common factor of 360 and 216.
72
Calculate the highest common divisor of 1365 and 2535.
195
Calculate the greatest common divisor of 638 and 572.
22
Calculate the greatest common divisor of 14 and 266.
14
What is the highest common divisor of 1 and 29?
1
What is the highest common factor of 987 and 470?
47
What is the greatest common divisor of 1 and 101?
1
Calculate the greatest common divisor of 6 and 213.
3
Calculate the highest common factor of 224 and 476.
28
What is the highest common divisor of 1210 and 3?
1
Calculate the highest common factor of 855 and 45.
45
Calculate the greatest common divisor of 20685 and 105.
105
Calculate the highest common divisor of 44 and 4.
4
What is the greatest common divisor of 14308 and 147?
49
Calculate the greatest common divisor of 28 and 64.
4
What is the greatest common divisor of 49194 and 54?
54
Calculate the greatest common divisor of 92 and 2714.
46
What is the highest common divisor of 108 and 1224?
36
Calculate the greatest common divisor of 7 and 4.
1
What is the greatest common factor of 6324 and 51?
51
Calculate the highest common divisor of 9 and 27.
9
What is the greatest common factor of 128 and 7456?
32
Calculate the highest common factor of 20 and 32.
4
What is the highest common factor of 88 and 15796?
44
What is the highest common divisor of 3828 and 72?
12
Calculate the highest common divisor of 170 and 130.
10
What is the highest common factor of 72 and 744?
24
What is the highest common factor of 289 and 136?
17
Calculate the highest common divisor of 285 and 2337.
57
Calculate the highest common divisor of 3 and 21.
3
Calculate the greatest common factor of 2397 and 94.
47
Calculate the highest common factor of 84 and 4746.
42
Calculate the greatest common factor of 4950 and 1584.
198
Calculate the greatest common divisor of 103 and 206.
103
What is the greatest common factor of 207 and 23?
23
What is the greatest common divisor of 165 and 30?
15
Calculate the greatest common factor of 20 and 130.
10
What is the highest common divisor of 37 and 111?
37
What is the highest common factor of 2538 and 54?
54
What is the highest common factor of 123 and 246?
123
What is the greatest common factor of 1408 and 44?
44
What is the greatest common divisor of 20570 and 110?
110
Calculate the highest common divisor of 44 and 33.
11
What is the greatest common factor of 208 and 26?
26
Calculate the greatest common factor of 100 and 1040.
20
What is the highest common divisor of 180 and 1860?
60
Calculate the highest common factor of 1140 and 60.
60
Calculate the greatest common factor of 2240 and 35.
35
What is the highest common factor of 76 and 12?
4
What is the highest common divisor of 36 and 75798?
18
Calculate the greatest common factor of 539 and 98.
49
What is the highest common divisor of 6368 and 4?
4
What is the greatest common factor of 147 and 18?
3
What is the highest common divisor of 192 and 6?
6
What is the greatest common divisor of 1022 and 21?
7
Calculate the greatest common factor of 20 and 790.
10
Calculate the greatest common factor of 55 and 11.
11
What is the highest common divisor of 589 and 95?
19
Calculate the greatest common factor of 9 and 45.
9
Calculate the greatest common factor of 6 and 55.
1
Calculate the greatest common divisor of 350 and 630.
70
What is the highest common factor of 92 and 20?
4
Calculate the highest common f